{"id":12420,"date":"2024-10-04T12:57:13","date_gmt":"2024-10-04T18:57:13","guid":{"rendered":"https:\/\/encuentro-tic.anuies.mx\/2024\/?page_id=12420"},"modified":"2024-10-15T22:59:30","modified_gmt":"2024-10-16T04:59:30","slug":"d2l-2024","status":"publish","type":"page","link":"https:\/\/encuentro-tic.anuies.mx\/2024\/d2l-2024\/","title":{"rendered":"D2L"},"content":{"rendered":"<div id=\"pl-12420\"  class=\"panel-layout\" ><div id=\"pg-12420-0\"  class=\"panel-grid panel-has-style\" ><div class=\"siteorigin-panels-stretch panel-row-style panel-row-style-for-12420-0\" data-stretch-type=\"full-width-stretch\" ><div id=\"pgc-12420-0-0\"  class=\"panel-grid-cell\" ><div id=\"panel-12420-0-0-0\" class=\"so-panel widget widget_sow-editor panel-first-child panel-last-child\" data-index=\"0\" ><div\n\t\t\t\n\t\t\tclass=\"so-widget-sow-editor so-widget-sow-editor-base\"\n\t\t\t\n\t\t>\n<div class=\"siteorigin-widget-tinymce textwidget\">\n\t<style>hr {border: 0 ; border-top: 4px double gold; width: 90%;}<\/style>\n<p><img loading=\"lazy\" decoding=\"async\" class=\"wp-image-12907 aligncenter\" src=\"https:\/\/encuentro-tic.anuies.mx\/2024\/ctrl-content\/uploads\/sites\/11\/2024\/10\/D2L_preferred.jpg\" alt=\"D2L_logo\" width=\"201\" height=\"101\"\/><\/p>\n<hr \/>\n<p>&nbsp;<\/p>\n<\/div>\n<\/div><\/div><\/div><\/div><\/div><div id=\"pg-12420-1\"  class=\"panel-grid panel-has-style\" ><div class=\"siteorigin-panels-stretch panel-row-style panel-row-style-for-12420-1\" data-stretch-type=\"full-width-stretch\" ><div id=\"pgc-12420-1-0\"  class=\"panel-grid-cell\" ><div id=\"panel-12420-1-0-0\" class=\"so-panel widget widget_sow-editor panel-first-child\" data-index=\"1\" ><div\n\t\t\t\n\t\t\tclass=\"so-widget-sow-editor so-widget-sow-editor-base\"\n\t\t\t\n\t\t>\n<div class=\"siteorigin-widget-tinymce textwidget\">\n\t<p style=\"text-align: justify\"><span style=\"font-weight: 400;font-size: 16pt\"><img loading=\"lazy\" decoding=\"async\" class=\"wp-image-12908 size-medium alignleft\" src=\"https:\/\/encuentro-tic.anuies.mx\/2024\/ctrl-content\/uploads\/sites\/11\/2024\/10\/2.-Imagen-201x300.jpg\" alt=\"\" width=\"201\" height=\"300\" srcset=\"https:\/\/encuentro-tic.anuies.mx\/ctrl-content\/uploads\/sites\/11\/2024\/10\/2.-Imagen-201x300.jpg 201w, https:\/\/encuentro-tic.anuies.mx\/ctrl-content\/uploads\/sites\/11\/2024\/10\/2.-Imagen.jpg 385w\" sizes=\"auto, (max-width: 201px) 100vw, 201px\" \/><\/span><\/p>\n<p>D2L est\u00e1 transformando la forma en que el mundo aprende, ayudando a estudiantes de todas las edades a lograr m\u00e1s de lo que so\u00f1aron posible. Trabajando en estrecha colaboraci\u00f3n con clientes de todo el mundo, D2L est\u00e1 apoyando a millones de personas que aprenden en l\u00ednea y en persona. Obt\u00e9n m\u00e1s informaci\u00f3n sobre D2L en www.d2l.com\/es\/<\/p>\n<p>Sobre Brightspace:<\/p>\n<p>Brightspace, es una plataforma que cuenta con herramientas poderosas, contenido personalizable y un servicio y asistencia de primer nivel, se distancia de las limitaciones de los LMS tradicionales. Dise\u00f1e una experiencia de aprendizaje personalizada a escala y ayude a sus estudiantes a tomar conciencia de su verdadero potencial con una plataforma de innovaci\u00f3n educativa.<\/p>\n<p style=\"text-align: justify\">&nbsp;<\/p>\n<\/div>\n<\/div><\/div><div id=\"panel-12420-1-0-1\" class=\"so-panel widget widget_siteorigin-panels-builder panel-last-child\" data-index=\"2\" ><div class=\"aos-init panel-widget-style panel-widget-style-for-12420-1-0-1\" data-aos=\"fade\" data-aos-duration=\"600\" data-aos-easing=\"linear\" data-aos-anchor-placement=\"top-bottom\" data-aos-once=\"true\" ><div id=\"pl-w67049b8373047\"  class=\"panel-layout\" ><div id=\"pg-w67049b8373047-0\"  class=\"panel-grid panel-no-style\" ><div id=\"pgc-w67049b8373047-0-0\"  class=\"panel-grid-cell\" ><div id=\"panel-w67049b8373047-0-0-0\" class=\"so-panel widget widget_sow-editor panel-first-child panel-last-child\" data-index=\"0\" ><div\n\t\t\t\n\t\t\tclass=\"so-widget-sow-editor so-widget-sow-editor-base\"\n\t\t\t\n\t\t>\n<div class=\"siteorigin-widget-tinymce textwidget\">\n\t<p style=\"text-align: center\"><span style=\"font-weight: 400;font-size: 14pt\"><a href=\"https:\/\/encuentro-tic.anuies.mx\/2024\/ctrl-content\/uploads\/sites\/11\/2024\/10\/D2L-Brightspace.pdf\" class=\"pdfemb-viewer\" style=\"\" data-width=\"max\" data-height=\"max\" data-toolbar=\"bottom\" data-toolbar-fixed=\"off\">D2L Brightspace<\/a>\u200b<\/span><\/p>\n<\/div>\n<\/div><\/div><\/div><div id=\"pgc-w67049b8373047-0-1\"  class=\"panel-grid-cell\" ><div id=\"panel-w67049b8373047-0-1-0\" class=\"so-panel widget widget_sow-editor panel-first-child panel-last-child\" data-index=\"1\" ><div\n\t\t\t\n\t\t\tclass=\"so-widget-sow-editor so-widget-sow-editor-base\"\n\t\t\t\n\t\t>\n<div class=\"siteorigin-widget-tinymce textwidget\">\n\t<p style=\"text-align: center\"><span style=\"font-weight: 400;font-size: 14pt\"><a href=\"https:\/\/encuentro-tic.anuies.mx\/2024\/ctrl-content\/uploads\/sites\/11\/2024\/10\/D2L-Expandiendo-Oportunidades.pdf\" class=\"pdfemb-viewer\" style=\"\" data-width=\"max\" data-height=\"max\" data-toolbar=\"bottom\" data-toolbar-fixed=\"off\">D2L Expandiendo Oportunidades<\/a><br \/>\n\u200b<\/span><\/p>\n<\/div>\n<\/div><\/div><\/div><div id=\"pgc-w67049b8373047-0-2\"  class=\"panel-grid-cell\" ><div id=\"panel-w67049b8373047-0-2-0\" class=\"so-panel widget widget_sow-editor panel-first-child panel-last-child\" data-index=\"2\" ><div\n\t\t\t\n\t\t\tclass=\"so-widget-sow-editor so-widget-sow-editor-base\"\n\t\t\t\n\t\t>\n<div class=\"siteorigin-widget-tinymce textwidget\">\n\t<p style=\"text-align: center\"><span style=\"font-size: 14pt\"><span style=\"font-weight: 400\"><a href=\"https:\/\/encuentro-tic.anuies.mx\/2024\/ctrl-content\/uploads\/sites\/11\/2024\/10\/D2L-herramientas-para-que-el-equipo-academico-ahorre-tiempo.pdf\" class=\"pdfemb-viewer\" style=\"\" data-width=\"max\" data-height=\"max\" data-toolbar=\"bottom\" data-toolbar-fixed=\"off\">D2L herramientas para que el equipo acad\u00e9mico ahorre tiempo<\/a>\u200b<\/span><\/span><\/p>\n<p style=\"text-align: center\"><span style=\"font-weight: 400\"><span style=\"font-size: 14pt\">&nbsp;<\/span><\/span><\/p>\n<\/div>\n<\/div><\/div><\/div><\/div><\/div><\/div><\/div><\/div><div id=\"pgc-12420-1-1\"  class=\"panel-grid-cell\" ><div id=\"panel-12420-1-1-0\" class=\"so-panel widget widget_siteorigin-panels-builder panel-first-child\" data-index=\"3\" ><div id=\"pl-w67049c9d49038\"  class=\"panel-layout\" ><div id=\"pg-w67049c9d49038-0\"  class=\"panel-grid panel-no-style\" ><div id=\"pgc-w67049c9d49038-0-0\"  class=\"panel-grid-cell\" ><div id=\"panel-w67049c9d49038-0-0-0\" class=\"so-panel widget widget_sow-icon panel-first-child panel-last-child\" data-index=\"0\" ><div\n\t\t\t\n\t\t\tclass=\"so-widget-sow-icon so-widget-sow-icon-default-78de98159bee\"\n\t\t\t\n\t\t>\n<div class=\"sow-icon-container sow-icon\">\n\t\t\t<a href=\"https:\/\/www.linkedin.com\/company\/d2l\/=\" \n\t\ttarget=\"_blank\" rel=\"noopener noreferrer\"\t\t>\n\t\t\t<span class=\"sow-icon-genericons\" data-sow-icon=\"&#xf208;\"\n\t\t \n\t\taria-hidden=\"true\"><\/span>\t\t\t<\/a>\n\t<\/div>\n<\/div><\/div><\/div><div id=\"pgc-w67049c9d49038-0-1\"  class=\"panel-grid-cell panel-grid-cell-empty\" ><\/div><div id=\"pgc-w67049c9d49038-0-2\"  class=\"panel-grid-cell panel-grid-cell-empty\" ><\/div><div id=\"pgc-w67049c9d49038-0-3\"  class=\"panel-grid-cell panel-grid-cell-empty panel-grid-cell-mobile-last\" ><\/div><div id=\"pgc-w67049c9d49038-0-4\"  class=\"panel-grid-cell panel-grid-cell-empty\" ><\/div><\/div><\/div><\/div><div id=\"panel-12420-1-1-1\" class=\"so-panel widget widget_sow-editor panel-last-child\" data-index=\"4\" ><div class=\"panel-widget-style panel-widget-style-for-12420-1-1-1\" ><div\n\t\t\t\n\t\t\tclass=\"so-widget-sow-editor so-widget-sow-editor-base\"\n\t\t\t\n\t\t><h3 class=\"widget-title\">Contacto<\/h3>\n<div class=\"siteorigin-widget-tinymce textwidget\">\n\t<ul style=\"list-style-type: square\">\n<li>Correo - diana.fragoso@d2l.com<\/li>\n<li>SitioWeb - www.d2l.com<\/li>\n<\/ul>\n<hr \/>\n<\/div>\n<\/div><\/div><\/div><\/div><\/div><\/div><div id=\"pg-12420-2\"  class=\"panel-grid panel-has-style\" ><div class=\"siteorigin-panels-stretch panel-row-style panel-row-style-for-12420-2\" data-stretch-type=\"full-width-stretch\" ><div id=\"pgc-12420-2-0\"  class=\"panel-grid-cell\" ><div id=\"panel-12420-2-0-0\" class=\"so-panel widget widget_media_video panel-first-child panel-last-child\" data-index=\"5\" ><div style=\"width:100%;\" class=\"wp-video\"><!--[if lt IE 9]><script>document.createElement('video');<\/script><![endif]-->\n<video class=\"wp-video-shortcode\" id=\"video-12420-1\" preload=\"metadata\" controls=\"controls\"><source type=\"video\/youtube\" src=\"https:\/\/youtu.be\/P8kDIplx8Ac?_=1\" \/><a href=\"https:\/\/youtu.be\/P8kDIplx8Ac\">https:\/\/youtu.be\/P8kDIplx8Ac<\/a><\/video><\/div><\/div><\/div><div id=\"pgc-12420-2-1\"  class=\"panel-grid-cell panel-grid-cell-empty panel-grid-cell-mobile-last\" ><\/div><div id=\"pgc-12420-2-2\"  class=\"panel-grid-cell panel-grid-cell-empty\" ><\/div><\/div><\/div><div id=\"pg-12420-3\"  class=\"panel-grid panel-no-style\" ><div id=\"pgc-12420-3-0\"  class=\"panel-grid-cell\" ><div id=\"panel-12420-3-0-0\" class=\"so-panel widget widget_sow-editor panel-first-child panel-last-child\" data-index=\"6\" ><div\n\t\t\t\n\t\t\tclass=\"so-widget-sow-editor so-widget-sow-editor-base\"\n\t\t\t\n\t\t>\n<div class=\"siteorigin-widget-tinymce textwidget\">\n\t<p style=\"text-align: center;\"><a class=\"fasc-button fasc-size-large fasc-type-flat fasc-rounded-medium fasc-ico-before dashicons-undo\" style=\"background-color: #004b8b; color: #ffffff;\" rel=\"nofollow\" href=\"https:\/\/encuentro-tic.anuies.mx\/2024\/espacio-virtual\/\">Regresar a men\u00fa<\/a><\/p>\n<\/div>\n<\/div><\/div><\/div><\/div><div id=\"pg-12420-4\"  class=\"panel-grid panel-no-style\" ><div id=\"pgc-12420-4-0\"  class=\"panel-grid-cell\" ><div id=\"panel-12420-4-0-0\" class=\"so-panel widget panel-first-child panel-last-child\" data-index=\"7\" ><\/div><\/div><\/div><\/div>","protected":false},"excerpt":{"rendered":"<p>&nbsp; D2L est\u00e1 transformando la forma en que el mundo aprende, ayudando a estudiantes de todas las edades a lograr m\u00e1s de lo que so\u00f1aron posible. Trabajando en estrecha colaboraci\u00f3n con clientes de todo el mundo, D2L est\u00e1 apoyando a millones de personas que aprenden en l\u00ednea y en persona. Obt\u00e9n m\u00e1s informaci\u00f3n sobre D2L&hellip; <br \/> <a class=\"button small blue\" href=\"https:\/\/encuentro-tic.anuies.mx\/2024\/d2l-2024\/\">Leer m\u00e1s<\/a><\/p>\n","protected":false},"author":1,"featured_media":0,"parent":0,"menu_order":0,"comment_status":"closed","ping_status":"closed","template":"","meta":{"_exactmetrics_skip_tracking":false,"_exactmetrics_sitenote_active":false,"_exactmetrics_sitenote_note":"","_exactmetrics_sitenote_category":0,"ngg_post_thumbnail":0,"footnotes":""},"class_list":["post-12420","page","type-page","status-publish","hentry"],"rttpg_featured_image_url":null,"rttpg_author":{"display_name":"ctrlweb","author_link":"https:\/\/encuentro-tic.anuies.mx\/2024\/author\/ctrlweb\/"},"rttpg_comment":0,"rttpg_category":false,"rttpg_excerpt":"&nbsp; D2L est\u00e1 transformando la forma en que el mundo aprende, ayudando a estudiantes de todas las edades a lograr m\u00e1s de lo que so\u00f1aron posible. Trabajando en estrecha colaboraci\u00f3n con clientes de todo el mundo, D2L est\u00e1 apoyando a millones de personas que aprenden en l\u00ednea y en persona. Obt\u00e9n m\u00e1s informaci\u00f3n sobre D2L&hellip;&hellip;","_links":{"self":[{"href":"https:\/\/encuentro-tic.anuies.mx\/2024\/wp-json\/wp\/v2\/pages\/12420","targetHints":{"allow":["GET"]}}],"collection":[{"href":"https:\/\/encuentro-tic.anuies.mx\/2024\/wp-json\/wp\/v2\/pages"}],"about":[{"href":"https:\/\/encuentro-tic.anuies.mx\/2024\/wp-json\/wp\/v2\/types\/page"}],"author":[{"embeddable":true,"href":"https:\/\/encuentro-tic.anuies.mx\/2024\/wp-json\/wp\/v2\/users\/1"}],"replies":[{"embeddable":true,"href":"https:\/\/encuentro-tic.anuies.mx\/2024\/wp-json\/wp\/v2\/comments?post=12420"}],"version-history":[{"count":8,"href":"https:\/\/encuentro-tic.anuies.mx\/2024\/wp-json\/wp\/v2\/pages\/12420\/revisions"}],"predecessor-version":[{"id":13382,"href":"https:\/\/encuentro-tic.anuies.mx\/2024\/wp-json\/wp\/v2\/pages\/12420\/revisions\/13382"}],"wp:attachment":[{"href":"https:\/\/encuentro-tic.anuies.mx\/2024\/wp-json\/wp\/v2\/media?parent=12420"}],"curies":[{"name":"wp","href":"https:\/\/api.w.org\/{rel}","templated":true}]}}