{"id":12367,"date":"2024-10-04T15:28:18","date_gmt":"2024-10-04T21:28:18","guid":{"rendered":"https:\/\/encuentro-tic.anuies.mx\/2024\/?page_id=12367"},"modified":"2024-10-21T11:42:41","modified_gmt":"2024-10-21T17:42:41","slug":"syscom-2024","status":"publish","type":"page","link":"https:\/\/encuentro-tic.anuies.mx\/2024\/syscom-2024\/","title":{"rendered":"SYSCOM \/ HIKVISION"},"content":{"rendered":"<div id=\"pl-12367\"  class=\"panel-layout\" ><div id=\"pg-12367-0\"  class=\"panel-grid panel-has-style\" ><div class=\"siteorigin-panels-stretch panel-row-style panel-row-style-for-12367-0\" data-stretch-type=\"full-width-stretch\" ><div id=\"pgc-12367-0-0\"  class=\"panel-grid-cell\" ><div id=\"panel-12367-0-0-0\" class=\"so-panel widget widget_sow-editor panel-first-child panel-last-child\" data-index=\"0\" ><div\n\t\t\t\n\t\t\tclass=\"so-widget-sow-editor so-widget-sow-editor-base\"\n\t\t\t\n\t\t>\n<div class=\"siteorigin-widget-tinymce textwidget\">\n\t<style>hr {border: 0 ; border-top: 4px double gold; width: 90%;}<\/style>\n<p style=\"text-align: center\"><img loading=\"lazy\" decoding=\"async\" class=\"alignnone size-full wp-image-12879\" src=\"https:\/\/encuentro-tic.anuies.mx\/2024\/ctrl-content\/uploads\/sites\/11\/2024\/10\/SYSCOM-1-editado.jpg\" alt=\"logo-syscom\" width=\"300\" height=\"76\"\/> <img loading=\"lazy\" decoding=\"async\" class=\"alignnone size-full wp-image-12880\" src=\"https:\/\/encuentro-tic.anuies.mx\/2024\/ctrl-content\/uploads\/sites\/11\/2024\/10\/Hikvision-editado.jpg\" alt=\"HIKVISION-logo\" width=\"300\" height=\"64\"\/><\/p>\n<hr \/>\n<p>&nbsp;<\/p>\n<\/div>\n<\/div><\/div><\/div><\/div><\/div><div id=\"pg-12367-1\"  class=\"panel-grid panel-has-style\" ><div class=\"siteorigin-panels-stretch panel-row-style panel-row-style-for-12367-1\" data-stretch-type=\"full-width-stretch\" ><div id=\"pgc-12367-1-0\"  class=\"panel-grid-cell\" ><div id=\"panel-12367-1-0-0\" class=\"so-panel widget widget_sow-editor panel-first-child\" data-index=\"1\" ><div\n\t\t\t\n\t\t\tclass=\"so-widget-sow-editor so-widget-sow-editor-base\"\n\t\t\t\n\t\t>\n<div class=\"siteorigin-widget-tinymce textwidget\">\n\t<p style=\"text-align: left\"><strong><img loading=\"lazy\" decoding=\"async\" class=\"alignleft wp-image-13546 \" src=\"https:\/\/encuentro-tic.anuies.mx\/2024\/ctrl-content\/uploads\/sites\/11\/2024\/10\/imagen-principal_1-1024x294.png\" alt=\"\" width=\"477\" height=\"137\" srcset=\"https:\/\/encuentro-tic.anuies.mx\/ctrl-content\/uploads\/sites\/11\/2024\/10\/imagen-principal_1-1024x294.png 1024w, https:\/\/encuentro-tic.anuies.mx\/ctrl-content\/uploads\/sites\/11\/2024\/10\/imagen-principal_1-300x86.png 300w, https:\/\/encuentro-tic.anuies.mx\/ctrl-content\/uploads\/sites\/11\/2024\/10\/imagen-principal_1-768x220.png 768w, https:\/\/encuentro-tic.anuies.mx\/ctrl-content\/uploads\/sites\/11\/2024\/10\/imagen-principal_1.png 1397w\" sizes=\"auto, (max-width: 477px) 100vw, 477px\" \/>Quienes somos:<\/strong><\/p>\n<p>SYSCOM es el Distribuidor Global L\u00edder M\u00e1s Importante en Telecomunicaciones y Seguridad<br \/>\nContamos con 21 sucursales, estrat\u00e9gicamente ubicadas en M\u00e9xico.<\/p>\n<p>Distribuimos las Soluciones que Necesita<\/p>\n<p>Podemos ayudarle en configuraci\u00f3n de hardware, aprovisionamiento, material de marketing, soporte t\u00e9cnico, \u00e1rea dedicada a proyectos, entrenamientos, certificaciones y soporte pre-post venta.<\/p>\n<p>Enfoque su equipo en sus clientes, nosotros nos encargamos de lo dem\u00e1s.<\/p>\n<p>Tenemos bien claro lo importante de resolver cualquier detalle o duda en tiempo r\u00e9cord, desde un detalle en una entrega, hasta una duda t\u00e9cnica compleja en domingo.<\/p>\n<p>Nuestra Web y App las hacemos aqu\u00ed mismo en M\u00e9xico, con el mejor equipo de programadores del mundo.<\/p>\n<p>\u00bfC\u00f3mo ayudar a nuestro cliente y su equipo a reducir tiempo y gastos? Esa es nuestra meta, siempre escuchando retroalimentaci\u00f3n y buscando como mejorar.<\/p>\n<p>\u2018Extremo R\u00e1pido\u2019 es nuestro lema siempre que desarrollamos algo nuevo en <a href=\"http:\/\/syscom.mx\/\">SYSCOM.MX<\/a>.<\/p>\n<p>Sabemos que tenemos fuerte competencia en l\u00ednea de distribuidores enormes y empresas transnacionales... \u00a1Vamos a volarla del estadio!<\/p>\n<p>&nbsp;<\/p>\n<\/div>\n<\/div><\/div><\/div><div id=\"pgc-12367-1-1\"  class=\"panel-grid-cell\" ><div id=\"panel-12367-1-1-0\" class=\"so-panel widget widget_siteorigin-panels-builder panel-first-child\" data-index=\"3\" ><div id=\"pl-w671691b78659e\"  class=\"panel-layout\" ><div id=\"pg-w671691b78659e-0\"  class=\"panel-grid panel-no-style\" ><div id=\"pgc-w671691b78659e-0-0\"  class=\"panel-grid-cell\" ><div id=\"panel-w671691b78659e-0-0-0\" class=\"so-panel widget widget_sow-icon panel-first-child panel-last-child\" data-index=\"0\" ><div\n\t\t\t\n\t\t\tclass=\"so-widget-sow-icon so-widget-sow-icon-default-78de98159bee\"\n\t\t\t\n\t\t>\n<div class=\"sow-icon-container sow-icon\">\n\t\t\t<a href=\"https:\/\/www.facebook.com\/pages\/Syscom-Seguridad-Electr%C3%B3nica\/256222644510268?ref=hl#\" \n\t\ttarget=\"_blank\" rel=\"noopener noreferrer\"\t\t>\n\t\t\t<span class=\"sow-icon-genericons\" data-sow-icon=\"&#xf203;\"\n\t\t \n\t\taria-hidden=\"true\"><\/span>\t\t\t<\/a>\n\t<\/div>\n<\/div><\/div><\/div><div id=\"pgc-w671691b78659e-0-1\"  class=\"panel-grid-cell\" ><div id=\"panel-w671691b78659e-0-1-0\" class=\"so-panel widget widget_sow-icon panel-first-child panel-last-child\" data-index=\"1\" ><div\n\t\t\t\n\t\t\tclass=\"so-widget-sow-icon so-widget-sow-icon-default-78de98159bee\"\n\t\t\t\n\t\t>\n<div class=\"sow-icon-container sow-icon\">\n\t\t\t<a href=\"https:\/\/www.instagram.com\/syscomoficial\/\" \n\t\ttarget=\"_blank\" rel=\"noopener noreferrer\"\t\t>\n\t\t\t<span class=\"sow-icon-genericons\" data-sow-icon=\"&#xf215;\"\n\t\t \n\t\taria-hidden=\"true\"><\/span>\t\t\t<\/a>\n\t<\/div>\n<\/div><\/div><\/div><div id=\"pgc-w671691b78659e-0-2\"  class=\"panel-grid-cell\" ><div id=\"panel-w671691b78659e-0-2-0\" class=\"so-panel widget widget_sow-icon panel-first-child panel-last-child\" data-index=\"2\" ><div\n\t\t\t\n\t\t\tclass=\"so-widget-sow-icon so-widget-sow-icon-default-78de98159bee\"\n\t\t\t\n\t\t>\n<div class=\"sow-icon-container sow-icon\">\n\t\t\t<a href=\"https:\/\/twitter.com\/syscomoficial\" \n\t\ttarget=\"_blank\" rel=\"noopener noreferrer\"\t\t>\n\t\t\t<span class=\"sow-icon-genericons\" data-sow-icon=\"&#xf202;\"\n\t\t \n\t\taria-hidden=\"true\"><\/span>\t\t\t<\/a>\n\t<\/div>\n<\/div><\/div><\/div><div id=\"pgc-w671691b78659e-0-3\"  class=\"panel-grid-cell\" ><div id=\"panel-w671691b78659e-0-3-0\" class=\"so-panel widget widget_sow-icon panel-first-child panel-last-child\" data-index=\"3\" ><div\n\t\t\t\n\t\t\tclass=\"so-widget-sow-icon so-widget-sow-icon-default-78de98159bee\"\n\t\t\t\n\t\t>\n<div class=\"sow-icon-container sow-icon\">\n\t\t\t<a href=\"https:\/\/www.youtube.com\/user\/syscomcctv\" \n\t\ttarget=\"_blank\" rel=\"noopener noreferrer\"\t\t>\n\t\t\t<span class=\"sow-icon-genericons\" data-sow-icon=\"&#xf213;\"\n\t\t \n\t\taria-hidden=\"true\"><\/span>\t\t\t<\/a>\n\t<\/div>\n<\/div><\/div><\/div><div id=\"pgc-w671691b78659e-0-4\"  class=\"panel-grid-cell\" ><div id=\"panel-w671691b78659e-0-4-0\" class=\"so-panel widget widget_sow-icon panel-first-child panel-last-child\" data-index=\"4\" ><div\n\t\t\t\n\t\t\tclass=\"so-widget-sow-icon so-widget-sow-icon-default-78de98159bee\"\n\t\t\t\n\t\t>\n<div class=\"sow-icon-container sow-icon\">\n\t\t\t<a href=\"https:\/\/www.tiktok.com\/@syscomoficial\" \n\t\ttarget=\"_blank\" rel=\"noopener noreferrer\"\t\t>\n\t\t\t<span class=\"sow-icon-materialicons sowm-regular\" data-sow-icon=\"&#xea7e\"\n\t\t \n\t\taria-hidden=\"true\"><\/span>\t\t\t<\/a>\n\t<\/div>\n<\/div><\/div><\/div><\/div><\/div><\/div><div id=\"panel-12367-1-1-1\" class=\"so-panel widget widget_sow-editor panel-last-child\" data-index=\"4\" ><div class=\"panel-widget-style panel-widget-style-for-12367-1-1-1\" ><div\n\t\t\t\n\t\t\tclass=\"so-widget-sow-editor so-widget-sow-editor-base\"\n\t\t\t\n\t\t><h3 class=\"widget-title\">Contacto<\/h3>\n<div class=\"siteorigin-widget-tinymce textwidget\">\n\t<ul>\n<li>Correo - <span style=\"font-weight: 400\">hola@syscom.mx<\/span><\/li>\n<li>N\u00famero - <span style=\"font-weight: 400\">&nbsp;(614) 415-2525<\/span><\/li>\n<li>WhatsApp - +1 (915) 613-2561<\/li>\n<li>SitioWeb -&nbsp; <a style=\"font-size: 18px;font-family: inherit;font-style: inherit\" href=\"http:\/\/www.syscom.mx\/\"><span>www.syscom.mx<\/span><\/a><\/li>\n<\/ul>\n<\/div>\n<\/div><\/div><\/div><\/div><\/div><\/div><div id=\"pg-12367-2\"  class=\"panel-grid panel-has-style\" ><div class=\"siteorigin-panels-stretch panel-row-style panel-row-style-for-12367-2\" data-stretch-type=\"full-width-stretch\" ><div id=\"pgc-12367-2-0\"  class=\"panel-grid-cell panel-grid-cell-empty\" ><\/div><div id=\"pgc-12367-2-1\"  class=\"panel-grid-cell panel-grid-cell-mobile-last\" ><div id=\"panel-12367-2-1-0\" class=\"so-panel widget widget_media_video panel-first-child panel-last-child\" data-index=\"5\" ><div style=\"width:100%;\" class=\"wp-video\"><!--[if lt IE 9]><script>document.createElement('video');<\/script><![endif]-->\n<video class=\"wp-video-shortcode\" id=\"video-12367-1\" preload=\"metadata\" controls=\"controls\"><source type=\"video\/youtube\" src=\"https:\/\/youtu.be\/N648oGTmID0?_=1\" \/><a href=\"https:\/\/youtu.be\/N648oGTmID0\">https:\/\/youtu.be\/N648oGTmID0<\/a><\/video><\/div><\/div><\/div><div id=\"pgc-12367-2-2\"  class=\"panel-grid-cell panel-grid-cell-empty\" ><\/div><\/div><\/div><div id=\"pg-12367-3\"  class=\"panel-grid panel-no-style\" ><div id=\"pgc-12367-3-0\"  class=\"panel-grid-cell\" ><div id=\"panel-12367-3-0-0\" class=\"so-panel widget widget_sow-editor panel-first-child panel-last-child\" data-index=\"6\" ><div\n\t\t\t\n\t\t\tclass=\"so-widget-sow-editor so-widget-sow-editor-base\"\n\t\t\t\n\t\t>\n<div class=\"siteorigin-widget-tinymce textwidget\">\n\t<p style=\"text-align: center;\"><a class=\"fasc-button fasc-size-large fasc-type-flat fasc-rounded-medium fasc-ico-before dashicons-undo\" style=\"background-color: #004b8b; color: #ffffff;\" rel=\"nofollow\" href=\"https:\/\/encuentro-tic.anuies.mx\/2024\/espacio-virtual\/\">Regresar a men\u00fa<\/a><\/p>\n<\/div>\n<\/div><\/div><\/div><\/div><div id=\"pg-12367-4\"  class=\"panel-grid panel-no-style\" ><div id=\"pgc-12367-4-0\"  class=\"panel-grid-cell\" ><div id=\"panel-12367-4-0-0\" class=\"so-panel widget panel-first-child panel-last-child\" data-index=\"7\" ><\/div><\/div><\/div><\/div>","protected":false},"excerpt":{"rendered":"<p>&nbsp; Quienes somos: SYSCOM es el Distribuidor Global L\u00edder M\u00e1s Importante en Telecomunicaciones y Seguridad Contamos con 21 sucursales, estrat\u00e9gicamente ubicadas en M\u00e9xico. Distribuimos las Soluciones que Necesita Podemos ayudarle en configuraci\u00f3n de hardware, aprovisionamiento, material de marketing, soporte t\u00e9cnico, \u00e1rea dedicada a proyectos, entrenamientos, certificaciones y soporte pre-post venta. Enfoque su equipo en sus&hellip; <br \/> <a class=\"button small blue\" href=\"https:\/\/encuentro-tic.anuies.mx\/2024\/syscom-2024\/\">Leer m\u00e1s<\/a><\/p>\n","protected":false},"author":1,"featured_media":0,"parent":0,"menu_order":0,"comment_status":"closed","ping_status":"closed","template":"","meta":{"_exactmetrics_skip_tracking":false,"_exactmetrics_sitenote_active":false,"_exactmetrics_sitenote_note":"","_exactmetrics_sitenote_category":0,"ngg_post_thumbnail":0,"footnotes":""},"class_list":["post-12367","page","type-page","status-publish","hentry"],"rttpg_featured_image_url":null,"rttpg_author":{"display_name":"ctrlweb","author_link":"https:\/\/encuentro-tic.anuies.mx\/2024\/author\/ctrlweb\/"},"rttpg_comment":0,"rttpg_category":false,"rttpg_excerpt":"&nbsp; Quienes somos: SYSCOM es el Distribuidor Global L\u00edder M\u00e1s Importante en Telecomunicaciones y Seguridad Contamos con 21 sucursales, estrat\u00e9gicamente ubicadas en M\u00e9xico. Distribuimos las Soluciones que Necesita Podemos ayudarle en configuraci\u00f3n de hardware, aprovisionamiento, material de marketing, soporte t\u00e9cnico, \u00e1rea dedicada a proyectos, entrenamientos, certificaciones y soporte pre-post venta. Enfoque su equipo en sus&hellip;&hellip;","_links":{"self":[{"href":"https:\/\/encuentro-tic.anuies.mx\/2024\/wp-json\/wp\/v2\/pages\/12367","targetHints":{"allow":["GET"]}}],"collection":[{"href":"https:\/\/encuentro-tic.anuies.mx\/2024\/wp-json\/wp\/v2\/pages"}],"about":[{"href":"https:\/\/encuentro-tic.anuies.mx\/2024\/wp-json\/wp\/v2\/types\/page"}],"author":[{"embeddable":true,"href":"https:\/\/encuentro-tic.anuies.mx\/2024\/wp-json\/wp\/v2\/users\/1"}],"replies":[{"embeddable":true,"href":"https:\/\/encuentro-tic.anuies.mx\/2024\/wp-json\/wp\/v2\/comments?post=12367"}],"version-history":[{"count":7,"href":"https:\/\/encuentro-tic.anuies.mx\/2024\/wp-json\/wp\/v2\/pages\/12367\/revisions"}],"predecessor-version":[{"id":13548,"href":"https:\/\/encuentro-tic.anuies.mx\/2024\/wp-json\/wp\/v2\/pages\/12367\/revisions\/13548"}],"wp:attachment":[{"href":"https:\/\/encuentro-tic.anuies.mx\/2024\/wp-json\/wp\/v2\/media?parent=12367"}],"curies":[{"name":"wp","href":"https:\/\/api.w.org\/{rel}","templated":true}]}}