{"id":2649,"date":"2018-10-26T13:12:29","date_gmt":"2018-10-26T19:12:29","guid":{"rendered":"https:\/\/encuentro-tic.anuies.mx\/2018\/?page_id=2649"},"modified":"2018-11-15T12:28:36","modified_gmt":"2018-11-15T18:28:36","slug":"panel-indicadores-comunes-de-tic-en-las-instituciones-de-educacion-superior-de-iberoamerica","status":"publish","type":"page","link":"https:\/\/encuentro-tic.anuies.mx\/2018\/panel-indicadores-comunes-de-tic-en-las-instituciones-de-educacion-superior-de-iberoamerica\/","title":{"rendered":"Panel: Indicadores comunes de TIC en las Instituciones de Educaci\u00f3n Superior de Iberoam\u00e9rica"},"content":{"rendered":"<div id=\"pl-2649\"  class=\"panel-layout\" ><div id=\"pg-2649-0\"  class=\"panel-grid panel-has-style\" ><div class=\"siteorigin-panels-stretch panel-row-style panel-row-style-for-2649-0\" style=\"padding: 100px 0; \" data-stretch-type=\"full-stretched-padded\" data-overlay=\"true\" data-overlay-color=\"#000000\" ><div id=\"pgc-2649-0-0\"  class=\"panel-grid-cell panel-grid-cell-empty\" ><\/div><div id=\"pgc-2649-0-1\"  class=\"panel-grid-cell\" ><div id=\"panel-2649-0-1-0\" class=\"so-panel widget widget_media_image panel-first-child panel-last-child\" data-index=\"0\" ><div style=\"text-align: left;\" data-title-color=\"#443f3f\" data-headings-color=\"#443f3f\" class=\"panel-widget-style panel-widget-style-for-2649-0-1-0\" ><img loading=\"lazy\" decoding=\"async\" width=\"4361\" height=\"2514\" src=\"https:\/\/encuentro-tic.anuies.mx\/ctrl-content\/uploads\/sites\/3\/2018\/11\/3-Indicadores-comunes-de-TIC-.jpg\" class=\"image wp-image-2751  attachment-full size-full\" alt=\"\" style=\"max-width: 100%; height: auto;\" srcset=\"https:\/\/encuentro-tic.anuies.mx\/ctrl-content\/uploads\/sites\/3\/2018\/11\/3-Indicadores-comunes-de-TIC-.jpg 4361w, https:\/\/encuentro-tic.anuies.mx\/ctrl-content\/uploads\/sites\/3\/2018\/11\/3-Indicadores-comunes-de-TIC--300x173.jpg 300w, https:\/\/encuentro-tic.anuies.mx\/ctrl-content\/uploads\/sites\/3\/2018\/11\/3-Indicadores-comunes-de-TIC--768x443.jpg 768w, https:\/\/encuentro-tic.anuies.mx\/ctrl-content\/uploads\/sites\/3\/2018\/11\/3-Indicadores-comunes-de-TIC--1024x590.jpg 1024w, https:\/\/encuentro-tic.anuies.mx\/ctrl-content\/uploads\/sites\/3\/2018\/11\/3-Indicadores-comunes-de-TIC--830x478.jpg 830w, https:\/\/encuentro-tic.anuies.mx\/ctrl-content\/uploads\/sites\/3\/2018\/11\/3-Indicadores-comunes-de-TIC--230x133.jpg 230w, https:\/\/encuentro-tic.anuies.mx\/ctrl-content\/uploads\/sites\/3\/2018\/11\/3-Indicadores-comunes-de-TIC--350x202.jpg 350w, https:\/\/encuentro-tic.anuies.mx\/ctrl-content\/uploads\/sites\/3\/2018\/11\/3-Indicadores-comunes-de-TIC--480x277.jpg 480w\" sizes=\"auto, (max-width: 4361px) 100vw, 4361px\" \/><\/div><\/div><\/div><div id=\"pgc-2649-0-2\"  class=\"panel-grid-cell\" ><div id=\"panel-2649-0-2-0\" class=\"so-panel widget widget_sow-editor panel-first-child panel-last-child\" data-index=\"1\" ><div style=\"text-align: left;\" data-title-color=\"#443f3f\" data-headings-color=\"#443f3f\" class=\"panel-widget-style panel-widget-style-for-2649-0-2-0\" ><div\n\t\t\t\n\t\t\tclass=\"so-widget-sow-editor so-widget-sow-editor-base\"\n\t\t\t\n\t\t>\n<div class=\"siteorigin-widget-tinymce textwidget\">\n\t<p><strong>Panel: Indicadores comunes de TIC en las Instituciones de Educaci\u00f3n Superior de Iberoam\u00e9rica<\/strong><\/p>\n<p><em><strong>Moderador:<\/strong><\/em><br \/>\n<strong>Mtro. Juan Carlos Jim\u00e9nez M\u00e1rquez<\/strong><br \/>\nDirector General de Tecnolog\u00eda de Informaci\u00f3n - Universidad de Veracruzana<br \/>\n<em><strong>Panelistas:<\/strong><\/em><br \/>\n<strong>Dr. Fara\u00f3n Llorens Largo<\/strong><br \/>\nDirector de la C\u00e1tedra de Santander - Universidad de Alicante, Espa\u00f1a<br \/>\n<strong>Ing. Juan Pablo Carvallo Vega, PhD.<\/strong><br \/>\nDirector Ejecutivo - RED CEDIA, Ecuador<br \/>\n<strong>Dra. Marcela Pe\u00f1aloza B\u00e1ez<\/strong><br \/>\nDirectora de Colaboraci\u00f3n y Vinculaci\u00f3n - Universidad Nacional Aut\u00f3noma de M\u00e9xico<br \/>\n<strong>Dr. Carlos Franco Reboreda<\/strong><br \/>\nDirector de la Divisi\u00f3n de Ingenier\u00edas e Innovaci\u00f3n Tecnol\u00f3gica - Universidad de Guadalajara<br \/>\n<strong>Ing. Luis Eli\u00e9cer Cadenas<\/strong><br \/>\nDirector Ejecutivo. Red CLARA<\/p>\n<\/div>\n<\/div><\/div><\/div><\/div><div id=\"pgc-2649-0-3\"  class=\"panel-grid-cell panel-grid-cell-mobile-last\" ><div id=\"panel-2649-0-3-0\" class=\"so-panel widget widget_sow-editor panel-first-child panel-last-child\" data-index=\"2\" ><div style=\"text-align: left;\" data-title-color=\"#443f3f\" data-headings-color=\"#443f3f\" class=\"panel-widget-style panel-widget-style-for-2649-0-3-0\" ><div\n\t\t\t\n\t\t\tclass=\"so-widget-sow-editor so-widget-sow-editor-base\"\n\t\t\t\n\t\t>\n<div class=\"siteorigin-widget-tinymce textwidget\">\n\t<p style=\"text-align: justify;\">Dado que las Tecnolog\u00edas de la Informaci\u00f3n y la comunicaci\u00f3n son compontes vitales para el desarrollo de las Instituciones de Educaci\u00f3n Superior es importante y necesario medir el impacto, el uso y adopci\u00f3n de estas en las instituciones.<\/p>\n<p style=\"text-align: justify;\">Poder tener una medici\u00f3n del impacto con la visi\u00f3n de que sea un instrumento para la toma de decisiones en la Alta Direcci\u00f3n dentro de las Instituciones tenga un mayor impacto.<\/p>\n<p style=\"text-align: justify;\">El Mtro. Juan Carlos Jimenez quien fungi\u00f3 como moderador de este Panel de expertos lanzo preguntas de manera personal y de manera conjunta a los expertos de la siguiente manera:<\/p>\n<ul style=\"text-align: justify;\">\n<li>Fara\u00f3n Llorens: Experiencia y perspectiva que tiene en Espa\u00f1a indicando los beneficios de tener un proyecto con indicadores comunes de TIC.<\/li>\n<li>Carlos Franco: Desde el punto de vista de ANUIES-TIC, \u00bfC\u00f3mo llegar a un punto en com\u00fan con estos indicadores de TIC?<\/li>\n<li>Juan Pablo: \u00bfQu\u00e9 papel juega Red CEDIA en el contexto de los indicadores comunes de TIC?<\/li>\n<li>Luis Eliecer: \u00bfC\u00f3mo a trav\u00e9s de Red Clara se puede tener apertura a m\u00e1s pa\u00edses de Latinoam\u00e9rica?<\/li>\n<li>Marcela Pe\u00f1alosa: Importancia de contar con indicadores comunes desde el punto de vista de la toma de decisiones de la alta direcci\u00f3n.<\/li>\n<li>Pregunta para todos los Expertos: Visi\u00f3n que se tiene de los Estudios de Tecnolog\u00edas que se est\u00e1n haciendo en cada pa\u00eds y del intercambio de conocimiento con el grupo de colaboraci\u00f3n que se est\u00e1 creando.<\/li>\n<li>Marcela Pe\u00f1alosa. \u00bfC\u00f3mo utilizar este tipo de instrumentos para tener indicadores puntuales y en base a ello generar sugerencias para la implementaci\u00f3n de tecnolog\u00eda en las IES?<\/li>\n<\/ul>\n<p style=\"text-align: justify;\">Para todos los Expertos: La factibilidad de crear un documento sint\u00e9tico que refleje el estado de las TIC en las IES que permita detonar la toma de decisiones por parte de la Alta Direcci\u00f3n<\/p>\n<\/div>\n<\/div><\/div><\/div><\/div><div id=\"pgc-2649-0-4\"  class=\"panel-grid-cell panel-grid-cell-empty\" ><\/div><\/div><\/div><div id=\"pg-2649-1\"  class=\"panel-grid panel-has-style\" ><div class=\"siteorigin-panels-stretch panel-row-style panel-row-style-for-2649-1\" style=\"padding: 60px 0; \" data-stretch-type=\"full-stretched\" data-overlay=\"true\" data-overlay-color=\"#000000\" ><div id=\"pgc-2649-1-0\"  class=\"panel-grid-cell panel-grid-cell-empty\" ><\/div><div id=\"pgc-2649-1-1\"  class=\"panel-grid-cell panel-grid-cell-mobile-last\" ><div id=\"panel-2649-1-1-0\" class=\"so-panel widget widget_media_video panel-first-child panel-last-child\" data-index=\"3\" ><div style=\"text-align: left;\" data-title-color=\"#443f3f\" data-headings-color=\"#443f3f\" class=\"panel-widget-style panel-widget-style-for-2649-1-1-0\" ><div style=\"width:100%;\" class=\"wp-video\"><!--[if lt IE 9]><script>document.createElement('video');<\/script><![endif]-->\n<video class=\"wp-video-shortcode\" id=\"video-2649-1\" preload=\"metadata\" controls=\"controls\"><source type=\"video\/youtube\" src=\"https:\/\/www.youtube.com\/watch?v=R1THf24BU1E&#038;index=4&#038;list=PLSbCr4Q7oabmul_euXrnqjl3CE1l4ZfrQ&#038;_=1\" \/><a href=\"https:\/\/www.youtube.com\/watch?v=R1THf24BU1E&#038;index=4&#038;list=PLSbCr4Q7oabmul_euXrnqjl3CE1l4ZfrQ\">https:\/\/www.youtube.com\/watch?v=R1THf24BU1E&#038;index=4&#038;list=PLSbCr4Q7oabmul_euXrnqjl3CE1l4ZfrQ<\/a><\/video><\/div><\/div><\/div><\/div><div id=\"pgc-2649-1-2\"  class=\"panel-grid-cell panel-grid-cell-empty\" ><\/div><\/div><\/div><\/div>","protected":false},"excerpt":{"rendered":"<p>Panel: Indicadores comunes de TIC en las Instituciones de Educaci\u00f3n Superior de Iberoam\u00e9rica Moderador: Mtro. Juan Carlos Jim\u00e9nez M\u00e1rquez Director General de [&hellip;]<\/p>\n","protected":false},"author":1,"featured_media":0,"parent":0,"menu_order":0,"comment_status":"closed","ping_status":"closed","template":"","meta":{"ngg_post_thumbnail":0,"footnotes":""},"class_list":["post-2649","page","type-page","status-publish","hentry"],"_links":{"self":[{"href":"https:\/\/encuentro-tic.anuies.mx\/2018\/wp-json\/wp\/v2\/pages\/2649","targetHints":{"allow":["GET"]}}],"collection":[{"href":"https:\/\/encuentro-tic.anuies.mx\/2018\/wp-json\/wp\/v2\/pages"}],"about":[{"href":"https:\/\/encuentro-tic.anuies.mx\/2018\/wp-json\/wp\/v2\/types\/page"}],"author":[{"embeddable":true,"href":"https:\/\/encuentro-tic.anuies.mx\/2018\/wp-json\/wp\/v2\/users\/1"}],"replies":[{"embeddable":true,"href":"https:\/\/encuentro-tic.anuies.mx\/2018\/wp-json\/wp\/v2\/comments?post=2649"}],"version-history":[{"count":12,"href":"https:\/\/encuentro-tic.anuies.mx\/2018\/wp-json\/wp\/v2\/pages\/2649\/revisions"}],"predecessor-version":[{"id":3079,"href":"https:\/\/encuentro-tic.anuies.mx\/2018\/wp-json\/wp\/v2\/pages\/2649\/revisions\/3079"}],"wp:attachment":[{"href":"https:\/\/encuentro-tic.anuies.mx\/2018\/wp-json\/wp\/v2\/media?parent=2649"}],"curies":[{"name":"wp","href":"https:\/\/api.w.org\/{rel}","templated":true}]}}

Panel: Indicadores comunes de TIC en las Instituciones de Educación Superior de Iberoamérica

<div id="pl-2649"  class="panel-layout" ><div id="pg-2649-0"  class="panel-grid panel-has-style" ><div class="siteorigin-panels-stretch panel-row-style panel-row-style-for-2649-0" style="padding: 100px 0; " data-stretch-type="full-stretched-padded" data-overlay="true" data-overlay-color="#000000" ><div id="pgc-2649-0-0"  class="panel-grid-cell panel-grid-cell-empty" ></div><div id="pgc-2649-0-1"  class="panel-grid-cell" ><div id="panel-2649-0-1-0" class="so-panel widget widget_media_image panel-first-child panel-last-child" data-index="0" ><div style="text-align: left;" data-title-color="#443f3f" data-headings-color="#443f3f" class="panel-widget-style panel-widget-style-for-2649-0-1-0" ><img loading="lazy" decoding="async" width="4361" height="2514" src="https://encuentro-tic.anuies.mx/ctrl-content/uploads/sites/3/2018/11/3-Indicadores-comunes-de-TIC-.jpg" class="image wp-image-2751  attachment-full size-full" alt="" style="max-width: 100%; height: auto;" srcset="https://encuentro-tic.anuies.mx/ctrl-content/uploads/sites/3/2018/11/3-Indicadores-comunes-de-TIC-.jpg 4361w, https://encuentro-tic.anuies.mx/ctrl-content/uploads/sites/3/2018/11/3-Indicadores-comunes-de-TIC--300x173.jpg 300w, https://encuentro-tic.anuies.mx/ctrl-content/uploads/sites/3/2018/11/3-Indicadores-comunes-de-TIC--768x443.jpg 768w, https://encuentro-tic.anuies.mx/ctrl-content/uploads/sites/3/2018/11/3-Indicadores-comunes-de-TIC--1024x590.jpg 1024w, https://encuentro-tic.anuies.mx/ctrl-content/uploads/sites/3/2018/11/3-Indicadores-comunes-de-TIC--830x478.jpg 830w, https://encuentro-tic.anuies.mx/ctrl-content/uploads/sites/3/2018/11/3-Indicadores-comunes-de-TIC--230x133.jpg 230w, https://encuentro-tic.anuies.mx/ctrl-content/uploads/sites/3/2018/11/3-Indicadores-comunes-de-TIC--350x202.jpg 350w, https://encuentro-tic.anuies.mx/ctrl-content/uploads/sites/3/2018/11/3-Indicadores-comunes-de-TIC--480x277.jpg 480w" sizes="auto, (max-width: 4361px) 100vw, 4361px" /></div></div></div><div id="pgc-2649-0-2"  class="panel-grid-cell" ><div id="panel-2649-0-2-0" class="so-panel widget widget_sow-editor panel-first-child panel-last-child" data-index="1" ><div style="text-align: left;" data-title-color="#443f3f" data-headings-color="#443f3f" class="panel-widget-style panel-widget-style-for-2649-0-2-0" ><div
			
			class="so-widget-sow-editor so-widget-sow-editor-base"
			
		>
<div class="siteorigin-widget-tinymce textwidget">
	<p><strong>Panel: Indicadores comunes de TIC en las Instituciones de Educación Superior de Iberoamérica</strong></p>
<p><em><strong>Moderador:</strong></em><br />
<strong>Mtro. Juan Carlos Jiménez Márquez</strong><br />
Director General de Tecnología de Información - Universidad de Veracruzana<br />
<em><strong>Panelistas:</strong></em><br />
<strong>Dr. Faraón Llorens Largo</strong><br />
Director de la Cátedra de Santander - Universidad de Alicante, España<br />
<strong>Ing. Juan Pablo Carvallo Vega, PhD.</strong><br />
Director Ejecutivo - RED CEDIA, Ecuador<br />
<strong>Dra. Marcela Peñaloza Báez</strong><br />
Directora de Colaboración y Vinculación - Universidad Nacional Autónoma de México<br />
<strong>Dr. Carlos Franco Reboreda</strong><br />
Director de la División de Ingenierías e Innovación Tecnológica - Universidad de Guadalajara<br />
<strong>Ing. Luis Eliécer Cadenas</strong><br />
Director Ejecutivo. Red CLARA</p>
</div>
</div></div></div></div><div id="pgc-2649-0-3"  class="panel-grid-cell panel-grid-cell-mobile-last" ><div id="panel-2649-0-3-0" class="so-panel widget widget_sow-editor panel-first-child panel-last-child" data-index="2" ><div style="text-align: left;" data-title-color="#443f3f" data-headings-color="#443f3f" class="panel-widget-style panel-widget-style-for-2649-0-3-0" ><div
			
			class="so-widget-sow-editor so-widget-sow-editor-base"
			
		>
<div class="siteorigin-widget-tinymce textwidget">
	<p style="text-align: justify;">Dado que las Tecnologías de la Información y la comunicación son compontes vitales para el desarrollo de las Instituciones de Educación Superior es importante y necesario medir el impacto, el uso y adopción de estas en las instituciones.</p>
<p style="text-align: justify;">Poder tener una medición del impacto con la visión de que sea un instrumento para la toma de decisiones en la Alta Dirección dentro de las Instituciones tenga un mayor impacto.</p>
<p style="text-align: justify;">El Mtro. Juan Carlos Jimenez quien fungió como moderador de este Panel de expertos lanzo preguntas de manera personal y de manera conjunta a los expertos de la siguiente manera:</p>
<ul style="text-align: justify;">
<li>Faraón Llorens: Experiencia y perspectiva que tiene en España indicando los beneficios de tener un proyecto con indicadores comunes de TIC.</li>
<li>Carlos Franco: Desde el punto de vista de ANUIES-TIC, ¿Cómo llegar a un punto en común con estos indicadores de TIC?</li>
<li>Juan Pablo: ¿Qué papel juega Red CEDIA en el contexto de los indicadores comunes de TIC?</li>
<li>Luis Eliecer: ¿Cómo a través de Red Clara se puede tener apertura a más países de Latinoamérica?</li>
<li>Marcela Peñalosa: Importancia de contar con indicadores comunes desde el punto de vista de la toma de decisiones de la alta dirección.</li>
<li>Pregunta para todos los Expertos: Visión que se tiene de los Estudios de Tecnologías que se están haciendo en cada país y del intercambio de conocimiento con el grupo de colaboración que se está creando.</li>
<li>Marcela Peñalosa. ¿Cómo utilizar este tipo de instrumentos para tener indicadores puntuales y en base a ello generar sugerencias para la implementación de tecnología en las IES?</li>
</ul>
<p style="text-align: justify;">Para todos los Expertos: La factibilidad de crear un documento sintético que refleje el estado de las TIC en las IES que permita detonar la toma de decisiones por parte de la Alta Dirección</p>
</div>
</div></div></div></div><div id="pgc-2649-0-4"  class="panel-grid-cell panel-grid-cell-empty" ></div></div></div><div id="pg-2649-1"  class="panel-grid panel-has-style" ><div class="siteorigin-panels-stretch panel-row-style panel-row-style-for-2649-1" style="padding: 60px 0; " data-stretch-type="full-stretched" data-overlay="true" data-overlay-color="#000000" ><div id="pgc-2649-1-0"  class="panel-grid-cell panel-grid-cell-empty" ></div><div id="pgc-2649-1-1"  class="panel-grid-cell panel-grid-cell-mobile-last" ><div id="panel-2649-1-1-0" class="so-panel widget widget_media_video panel-first-child panel-last-child" data-index="3" ><div style="text-align: left;" data-title-color="#443f3f" data-headings-color="#443f3f" class="panel-widget-style panel-widget-style-for-2649-1-1-0" ><div style="width:100%;" class="wp-video"><!--[if lt IE 9]><script>document.createElement('video');</script><![endif]-->
<video class="wp-video-shortcode" id="video-2649-1" preload="metadata" controls="controls"><source type="video/youtube" src="https://www.youtube.com/watch?v=R1THf24BU1E&#038;index=4&#038;list=PLSbCr4Q7oabmul_euXrnqjl3CE1l4ZfrQ&#038;_=1" /><a href="https://www.youtube.com/watch?v=R1THf24BU1E&#038;index=4&#038;list=PLSbCr4Q7oabmul_euXrnqjl3CE1l4ZfrQ">https://www.youtube.com/watch?v=R1THf24BU1E&#038;index=4&#038;list=PLSbCr4Q7oabmul_euXrnqjl3CE1l4ZfrQ</a></video></div></div></div></div><div id="pgc-2649-1-2"  class="panel-grid-cell panel-grid-cell-empty" ></div></div></div></div>

<p>Panel: Indicadores comunes de TIC en las Instituciones de Educación Superior de Iberoamérica Moderador: Mtro. Juan Carlos Jiménez Márquez Director General de [&hellip;]</p>
