{"id":2637,"date":"2018-10-26T13:02:37","date_gmt":"2018-10-26T19:02:37","guid":{"rendered":"https:\/\/encuentro-tic.anuies.mx\/2018\/?page_id=2637"},"modified":"2018-11-14T14:43:04","modified_gmt":"2018-11-14T20:43:04","slug":"smart-campus-la-automatizacion-de-redes-sin-misterios","status":"publish","type":"page","link":"https:\/\/encuentro-tic.anuies.mx\/2018\/smart-campus-la-automatizacion-de-redes-sin-misterios\/","title":{"rendered":"Smart Campus: la automatizaci\u00f3n de redes sin misterios"},"content":{"rendered":"<div id=\"pl-2637\"  class=\"panel-layout\" ><div id=\"pg-2637-0\"  class=\"panel-grid panel-has-style\" ><div class=\"siteorigin-panels-stretch panel-row-style panel-row-style-for-2637-0\" style=\"padding: 100px 0; \" data-stretch-type=\"full-stretched-padded\" data-overlay=\"true\" data-overlay-color=\"#000000\" ><div id=\"pgc-2637-0-0\"  class=\"panel-grid-cell panel-grid-cell-empty\" ><\/div><div id=\"pgc-2637-0-1\"  class=\"panel-grid-cell\" ><div id=\"panel-2637-0-1-0\" class=\"so-panel widget widget_media_image panel-first-child panel-last-child\" data-index=\"0\" ><div style=\"text-align: left;\" data-title-color=\"#443f3f\" data-headings-color=\"#443f3f\" class=\"panel-widget-style panel-widget-style-for-2637-0-1-0\" ><img loading=\"lazy\" decoding=\"async\" width=\"5184\" height=\"3456\" src=\"https:\/\/encuentro-tic.anuies.mx\/ctrl-content\/uploads\/sites\/3\/2018\/11\/2-Smart-Campus_-la-automatizaci\u00f3n-de-redes-sin-misterios-Sinapsis.jpg\" class=\"image wp-image-2748  attachment-full size-full\" alt=\"\" style=\"max-width: 100%; height: auto;\" srcset=\"https:\/\/encuentro-tic.anuies.mx\/ctrl-content\/uploads\/sites\/3\/2018\/11\/2-Smart-Campus_-la-automatizaci\u00f3n-de-redes-sin-misterios-Sinapsis.jpg 5184w, https:\/\/encuentro-tic.anuies.mx\/ctrl-content\/uploads\/sites\/3\/2018\/11\/2-Smart-Campus_-la-automatizaci\u00f3n-de-redes-sin-misterios-Sinapsis-300x200.jpg 300w, https:\/\/encuentro-tic.anuies.mx\/ctrl-content\/uploads\/sites\/3\/2018\/11\/2-Smart-Campus_-la-automatizaci\u00f3n-de-redes-sin-misterios-Sinapsis-768x512.jpg 768w, https:\/\/encuentro-tic.anuies.mx\/ctrl-content\/uploads\/sites\/3\/2018\/11\/2-Smart-Campus_-la-automatizaci\u00f3n-de-redes-sin-misterios-Sinapsis-1024x683.jpg 1024w, https:\/\/encuentro-tic.anuies.mx\/ctrl-content\/uploads\/sites\/3\/2018\/11\/2-Smart-Campus_-la-automatizaci\u00f3n-de-redes-sin-misterios-Sinapsis-830x553.jpg 830w, https:\/\/encuentro-tic.anuies.mx\/ctrl-content\/uploads\/sites\/3\/2018\/11\/2-Smart-Campus_-la-automatizaci\u00f3n-de-redes-sin-misterios-Sinapsis-230x153.jpg 230w, https:\/\/encuentro-tic.anuies.mx\/ctrl-content\/uploads\/sites\/3\/2018\/11\/2-Smart-Campus_-la-automatizaci\u00f3n-de-redes-sin-misterios-Sinapsis-350x233.jpg 350w, https:\/\/encuentro-tic.anuies.mx\/ctrl-content\/uploads\/sites\/3\/2018\/11\/2-Smart-Campus_-la-automatizaci\u00f3n-de-redes-sin-misterios-Sinapsis-480x320.jpg 480w, https:\/\/encuentro-tic.anuies.mx\/ctrl-content\/uploads\/sites\/3\/2018\/11\/2-Smart-Campus_-la-automatizaci\u00f3n-de-redes-sin-misterios-Sinapsis-272x182.jpg 272w\" sizes=\"auto, (max-width: 5184px) 100vw, 5184px\" \/><\/div><\/div><\/div><div id=\"pgc-2637-0-2\"  class=\"panel-grid-cell\" ><div id=\"panel-2637-0-2-0\" class=\"so-panel widget widget_sow-editor panel-first-child\" data-index=\"1\" ><div style=\"text-align: left;\" data-title-color=\"#443f3f\" data-headings-color=\"#443f3f\" class=\"panel-widget-style panel-widget-style-for-2637-0-2-0\" ><div\n\t\t\t\n\t\t\tclass=\"so-widget-sow-editor so-widget-sow-editor-base\"\n\t\t\t\n\t\t>\n<div class=\"siteorigin-widget-tinymce textwidget\">\n\t<p><strong>Smart Campus: la automatizaci\u00f3n de redes sin misterios<\/strong><\/p>\n<p><strong>Ing. Omar Gonz\u00e1lez<\/strong><br \/>\nExtreme Networks<\/p>\n<\/div>\n<\/div><\/div><\/div><div id=\"panel-2637-0-2-1\" class=\"so-panel widget widget_sow-editor panel-last-child\" data-index=\"2\" ><div style=\"text-align: left;\" data-title-color=\"#443f3f\" data-headings-color=\"#443f3f\" class=\"panel-widget-style panel-widget-style-for-2637-0-2-1\" ><div\n\t\t\t\n\t\t\tclass=\"so-widget-sow-editor so-widget-sow-editor-base\"\n\t\t\t\n\t\t>\n<div class=\"siteorigin-widget-tinymce textwidget\">\n\t<p><a href=\"https:\/\/encuentro-tic.anuies.mx\/wp-content\/uploads\/2018\/10\/5-02-ANUIES-2018-Smart-Campus.pdf\" target=\"_blank\" rel=\"noopener\"><img loading=\"lazy\" decoding=\"async\" class=\"aligncenter wp-image-2453\" src=\"https:\/\/encuentro-tic.anuies.mx\/wp-content\/uploads\/2018\/10\/pdf-icon.jpg\" alt=\"\" width=\"92\" height=\"92\" srcset=\"https:\/\/encuentro-tic.anuies.mx\/ctrl-content\/uploads\/sites\/3\/2018\/10\/pdf-icon.jpg 256w, https:\/\/encuentro-tic.anuies.mx\/ctrl-content\/uploads\/sites\/3\/2018\/10\/pdf-icon-150x150.jpg 150w, https:\/\/encuentro-tic.anuies.mx\/ctrl-content\/uploads\/sites\/3\/2018\/10\/pdf-icon-230x230.jpg 230w\" sizes=\"auto, (max-width: 92px) 100vw, 92px\" \/><\/a><\/p>\n<\/div>\n<\/div><\/div><\/div><\/div><div id=\"pgc-2637-0-3\"  class=\"panel-grid-cell panel-grid-cell-mobile-last\" ><div id=\"panel-2637-0-3-0\" class=\"so-panel widget widget_sow-editor panel-first-child panel-last-child\" data-index=\"3\" ><div style=\"text-align: left;\" data-title-color=\"#443f3f\" data-headings-color=\"#443f3f\" class=\"panel-widget-style panel-widget-style-for-2637-0-3-0\" ><div\n\t\t\t\n\t\t\tclass=\"so-widget-sow-editor so-widget-sow-editor-base\"\n\t\t\t\n\t\t>\n<div class=\"siteorigin-widget-tinymce textwidget\">\n\t<p style=\"text-align: justify;\">La evoluci\u00f3n de la capa de acceso en los modelos de infraestructura de TI y su seguridad son los ejes principales de esta conferencia.<\/p>\n<p style=\"text-align: justify;\">Elementos que forman parte de la transformaci\u00f3n digital desde la visi\u00f3n de Extreme Networks. Como ejemplo, en la capa de acceso se necesitan tres caracter\u00edsticas;<\/p>\n<ul style=\"text-align: justify;\">\n<li>Mecanismos inteligentes que permitan autoajustar la red<\/li>\n<li>Que los servicios sean adaptables de acuerdo a las necesidades de las instituciones<\/li>\n<li>Ofrecer seguridad<\/li>\n<\/ul>\n<p style=\"text-align: justify;\">\u00bfPor qu\u00e9 automatizar? Las necesidades actuales implican tener elementos para reducir los m\u00e1rgenes de error, desde la perspectiva de Extreme Networks se plantean tres formas principales para llevar a cabo esto:<\/p>\n<ul>\n<li style=\"text-align: justify;\">Mecanismos de lenguajes dentro de la red que permitan tener procedimientos \u00f3ptimos en donde se simplifique los procesos de configuraci\u00f3n<\/li>\n<li style=\"text-align: justify;\">Validaci\u00f3n de usuarios y\/o dispositivos<\/li>\n<li style=\"text-align: justify;\">Gesti\u00f3n (configuraci\u00f3n y operatividad)<\/li>\n<\/ul>\n<\/div>\n<\/div><\/div><\/div><\/div><div id=\"pgc-2637-0-4\"  class=\"panel-grid-cell panel-grid-cell-empty\" ><\/div><\/div><\/div><div id=\"pg-2637-1\"  class=\"panel-grid panel-has-style\" ><div class=\"siteorigin-panels-stretch panel-row-style panel-row-style-for-2637-1\" style=\"padding: 60px 0; \" data-stretch-type=\"full-stretched\" data-overlay=\"true\" data-overlay-color=\"#000000\" ><div id=\"pgc-2637-1-0\"  class=\"panel-grid-cell panel-grid-cell-empty\" ><\/div><div id=\"pgc-2637-1-1\"  class=\"panel-grid-cell\" ><div id=\"panel-2637-1-1-0\" class=\"so-panel widget widget_sow-editor panel-first-child panel-last-child\" data-index=\"4\" ><div style=\"text-align: left;\" data-title-color=\"#443f3f\" data-headings-color=\"#443f3f\" class=\"panel-widget-style panel-widget-style-for-2637-1-1-0\" ><div\n\t\t\t\n\t\t\tclass=\"so-widget-sow-editor so-widget-sow-editor-base\"\n\t\t\t\n\t\t>\n<div class=\"siteorigin-widget-tinymce textwidget\">\n\t<a href=\"https:\/\/encuentro-tic.anuies.mx\/wp-content\/uploads\/2018\/10\/5-02-ANUIES-2018-Smart-Campus.pdf\" class=\"pdfemb-viewer\" style=\"\" data-width=\"max\" data-height=\"max\" data-toolbar=\"bottom\" data-toolbar-fixed=\"off\">5-02-ANUIES-2018-Smart-Campus<\/a>\n<\/div>\n<\/div><\/div><\/div><\/div><div id=\"pgc-2637-1-2\"  class=\"panel-grid-cell panel-grid-cell-mobile-last\" ><div id=\"panel-2637-1-2-0\" class=\"so-panel widget widget_media_video panel-first-child panel-last-child\" data-index=\"5\" ><div style=\"text-align: left;\" data-title-color=\"#443f3f\" data-headings-color=\"#443f3f\" class=\"panel-widget-style panel-widget-style-for-2637-1-2-0\" ><div style=\"width:100%;\" class=\"wp-video\"><!--[if lt IE 9]><script>document.createElement('video');<\/script><![endif]-->\n<video class=\"wp-video-shortcode\" id=\"video-2637-1\" preload=\"metadata\" controls=\"controls\"><source type=\"video\/youtube\" src=\"https:\/\/www.youtube.com\/watch?v=sa77Jxn0YN8&#038;index=6&#038;list=PLSbCr4Q7oabk9b5veXCPg_K5n3awkCv5C&#038;_=1\" \/><a href=\"https:\/\/www.youtube.com\/watch?v=sa77Jxn0YN8&#038;index=6&#038;list=PLSbCr4Q7oabk9b5veXCPg_K5n3awkCv5C\">https:\/\/www.youtube.com\/watch?v=sa77Jxn0YN8&#038;index=6&#038;list=PLSbCr4Q7oabk9b5veXCPg_K5n3awkCv5C<\/a><\/video><\/div><\/div><\/div><\/div><div id=\"pgc-2637-1-3\"  class=\"panel-grid-cell panel-grid-cell-empty\" ><\/div><\/div><\/div><\/div>","protected":false},"excerpt":{"rendered":"<p>Smart Campus: la automatizaci\u00f3n de redes sin misterios Ing. Omar Gonz\u00e1lez Extreme Networks La evoluci\u00f3n de la capa de acceso en los [&hellip;]<\/p>\n","protected":false},"author":1,"featured_media":0,"parent":0,"menu_order":0,"comment_status":"closed","ping_status":"closed","template":"","meta":{"ngg_post_thumbnail":0,"footnotes":""},"class_list":["post-2637","page","type-page","status-publish","hentry"],"_links":{"self":[{"href":"https:\/\/encuentro-tic.anuies.mx\/2018\/wp-json\/wp\/v2\/pages\/2637","targetHints":{"allow":["GET"]}}],"collection":[{"href":"https:\/\/encuentro-tic.anuies.mx\/2018\/wp-json\/wp\/v2\/pages"}],"about":[{"href":"https:\/\/encuentro-tic.anuies.mx\/2018\/wp-json\/wp\/v2\/types\/page"}],"author":[{"embeddable":true,"href":"https:\/\/encuentro-tic.anuies.mx\/2018\/wp-json\/wp\/v2\/users\/1"}],"replies":[{"embeddable":true,"href":"https:\/\/encuentro-tic.anuies.mx\/2018\/wp-json\/wp\/v2\/comments?post=2637"}],"version-history":[{"count":14,"href":"https:\/\/encuentro-tic.anuies.mx\/2018\/wp-json\/wp\/v2\/pages\/2637\/revisions"}],"predecessor-version":[{"id":3059,"href":"https:\/\/encuentro-tic.anuies.mx\/2018\/wp-json\/wp\/v2\/pages\/2637\/revisions\/3059"}],"wp:attachment":[{"href":"https:\/\/encuentro-tic.anuies.mx\/2018\/wp-json\/wp\/v2\/media?parent=2637"}],"curies":[{"name":"wp","href":"https:\/\/api.w.org\/{rel}","templated":true}]}}