{"id":2624,"date":"2018-10-26T12:56:20","date_gmt":"2018-10-26T18:56:20","guid":{"rendered":"https:\/\/encuentro-tic.anuies.mx\/2018\/?page_id=2624"},"modified":"2018-11-14T14:41:38","modified_gmt":"2018-11-14T20:41:38","slug":"ruta_de_transformacion","status":"publish","type":"page","link":"https:\/\/encuentro-tic.anuies.mx\/2018\/ruta_de_transformacion\/","title":{"rendered":"Transformando a las IES a trav\u00e9s de las tecnolog\u00edas: Una ruta de la transformaci\u00f3n digital"},"content":{"rendered":"<div id=\"pl-2624\"  class=\"panel-layout\" ><div id=\"pg-2624-0\"  class=\"panel-grid panel-has-style\" ><div class=\"siteorigin-panels-stretch panel-row-style panel-row-style-for-2624-0\" style=\"padding: 100px 0; \" data-stretch-type=\"full-stretched-padded\" data-overlay=\"true\" data-overlay-color=\"#000000\" ><div id=\"pgc-2624-0-0\"  class=\"panel-grid-cell panel-grid-cell-empty\" ><\/div><div id=\"pgc-2624-0-1\"  class=\"panel-grid-cell\" ><div id=\"panel-2624-0-1-0\" class=\"so-panel widget widget_media_image panel-first-child panel-last-child\" data-index=\"0\" ><div style=\"text-align: left;\" data-title-color=\"#443f3f\" data-headings-color=\"#443f3f\" class=\"panel-widget-style panel-widget-style-for-2624-0-1-0\" ><img loading=\"lazy\" decoding=\"async\" width=\"3000\" height=\"2000\" src=\"https:\/\/encuentro-tic.anuies.mx\/ctrl-content\/uploads\/sites\/3\/2018\/10\/lagdl.jpg\" class=\"image wp-image-2676  attachment-full size-full\" alt=\"\" style=\"max-width: 100%; height: auto;\" srcset=\"https:\/\/encuentro-tic.anuies.mx\/ctrl-content\/uploads\/sites\/3\/2018\/10\/lagdl.jpg 3000w, https:\/\/encuentro-tic.anuies.mx\/ctrl-content\/uploads\/sites\/3\/2018\/10\/lagdl-300x200.jpg 300w, https:\/\/encuentro-tic.anuies.mx\/ctrl-content\/uploads\/sites\/3\/2018\/10\/lagdl-768x512.jpg 768w, https:\/\/encuentro-tic.anuies.mx\/ctrl-content\/uploads\/sites\/3\/2018\/10\/lagdl-1024x683.jpg 1024w, https:\/\/encuentro-tic.anuies.mx\/ctrl-content\/uploads\/sites\/3\/2018\/10\/lagdl-830x553.jpg 830w, https:\/\/encuentro-tic.anuies.mx\/ctrl-content\/uploads\/sites\/3\/2018\/10\/lagdl-230x153.jpg 230w, https:\/\/encuentro-tic.anuies.mx\/ctrl-content\/uploads\/sites\/3\/2018\/10\/lagdl-350x233.jpg 350w, https:\/\/encuentro-tic.anuies.mx\/ctrl-content\/uploads\/sites\/3\/2018\/10\/lagdl-480x320.jpg 480w, https:\/\/encuentro-tic.anuies.mx\/ctrl-content\/uploads\/sites\/3\/2018\/10\/lagdl-272x182.jpg 272w\" sizes=\"auto, (max-width: 3000px) 100vw, 3000px\" \/><\/div><\/div><\/div><div id=\"pgc-2624-0-2\"  class=\"panel-grid-cell\" ><div id=\"panel-2624-0-2-0\" class=\"so-panel widget widget_sow-editor panel-first-child\" data-index=\"1\" ><div style=\"text-align: left;\" data-title-color=\"#443f3f\" data-headings-color=\"#443f3f\" class=\"panel-widget-style panel-widget-style-for-2624-0-2-0\" ><div\n\t\t\t\n\t\t\tclass=\"so-widget-sow-editor so-widget-sow-editor-base\"\n\t\t\t\n\t\t>\n<div class=\"siteorigin-widget-tinymce textwidget\">\n\t<p><strong>Transformando a las IES a trav\u00e9s de las tecnolog\u00edas: Una ruta de la transformaci\u00f3n digital<\/strong><\/p>\n<p><strong>Dr. Luis Alberto Guti\u00e9rrez D\u00edaz de Le\u00f3n<\/strong><br \/>\nCoordinador General de Tecnolog\u00edas de Informaci\u00f3n - Universidad de Guadalajara<\/p>\n<\/div>\n<\/div><\/div><\/div><div id=\"panel-2624-0-2-1\" class=\"so-panel widget widget_sow-editor panel-last-child\" data-index=\"2\" ><div style=\"text-align: left;\" data-title-color=\"#443f3f\" data-headings-color=\"#443f3f\" class=\"panel-widget-style panel-widget-style-for-2624-0-2-1\" ><div\n\t\t\t\n\t\t\tclass=\"so-widget-sow-editor so-widget-sow-editor-base\"\n\t\t\t\n\t\t>\n<div class=\"siteorigin-widget-tinymce textwidget\">\n\t<p><a href=\"https:\/\/encuentro-tic.anuies.mx\/wp-content\/uploads\/2018\/10\/4-03-Transformando_IES_2Oct.pdf\" target=\"_blank\" rel=\"noopener\"><img loading=\"lazy\" decoding=\"async\" class=\"aligncenter wp-image-2453\" src=\"https:\/\/encuentro-tic.anuies.mx\/wp-content\/uploads\/2018\/10\/pdf-icon.jpg\" alt=\"\" width=\"92\" height=\"92\" srcset=\"https:\/\/encuentro-tic.anuies.mx\/ctrl-content\/uploads\/sites\/3\/2018\/10\/pdf-icon.jpg 256w, https:\/\/encuentro-tic.anuies.mx\/ctrl-content\/uploads\/sites\/3\/2018\/10\/pdf-icon-150x150.jpg 150w, https:\/\/encuentro-tic.anuies.mx\/ctrl-content\/uploads\/sites\/3\/2018\/10\/pdf-icon-230x230.jpg 230w\" sizes=\"auto, (max-width: 92px) 100vw, 92px\" \/><\/a><\/p>\n<\/div>\n<\/div><\/div><\/div><\/div><div id=\"pgc-2624-0-3\"  class=\"panel-grid-cell panel-grid-cell-mobile-last\" ><div id=\"panel-2624-0-3-0\" class=\"so-panel widget widget_sow-editor panel-first-child panel-last-child\" data-index=\"3\" ><div style=\"text-align: left;\" data-title-color=\"#443f3f\" data-headings-color=\"#443f3f\" class=\"panel-widget-style panel-widget-style-for-2624-0-3-0\" ><div\n\t\t\t\n\t\t\tclass=\"so-widget-sow-editor so-widget-sow-editor-base\"\n\t\t\t\n\t\t>\n<div class=\"siteorigin-widget-tinymce textwidget\">\n\t<p style=\"text-align: justify;\">Uno de los objetivos generales de la conferencia fue mostrar a los directores de TIC de las Instituciones de Educaci\u00f3n Superior (IES) de nuestro pa\u00eds, los grandes cambios tecnol\u00f3gicos que se han presentado en los \u00faltimos a\u00f1os, recuperando algunos ejemplos que muestran el impacto que han tenido las tecnolog\u00edas de la informaci\u00f3n en las din\u00e1micas de los individuos, as\u00ed como de las empresas y entidades del sector p\u00fablico y privado; entre ellas las IES. En este sentido, se describen algunos elementos del fen\u00f3meno de la transformaci\u00f3n digital para entender los cambios econ\u00f3micos, culturales y sociales que se han generado debido a las olas de innovaci\u00f3n y desarrollo tecnol\u00f3gico, buscando motivar a que las IES contemplen dentro de sus estrategias institucionales proyectos que integren tecnolog\u00edas como el Big Data, Internet de las Cosas, Inteligencia Artificial entre otras; de manera que respondan a las demandas y los cambios que se est\u00e1n generando en el mundo. Asimismo, dentro de la conferencia se aborda la estrategia de transformaci\u00f3n digital que ha seguido la Universidad de Guadalajara, en la ruta para incorporarse a la sociedad del conocimiento, y con ello reflexionar sobre la importancia de conocer las necesidades y percepciones de nuestra comunidad universitaria, generar redes de colaboraci\u00f3n con otras instituciones, y compartir experiencias para trazar un plan de transformaci\u00f3n digital alineado con sus propios planes de desarrollo Institucional.<\/p>\n<\/div>\n<\/div><\/div><\/div><\/div><div id=\"pgc-2624-0-4\"  class=\"panel-grid-cell panel-grid-cell-empty\" ><\/div><\/div><\/div><div id=\"pg-2624-1\"  class=\"panel-grid panel-has-style\" ><div class=\"siteorigin-panels-stretch panel-row-style panel-row-style-for-2624-1\" style=\"padding: 60px 0; \" data-stretch-type=\"full-stretched\" data-overlay=\"true\" data-overlay-color=\"#000000\" ><div id=\"pgc-2624-1-0\"  class=\"panel-grid-cell panel-grid-cell-empty\" ><\/div><div id=\"pgc-2624-1-1\"  class=\"panel-grid-cell\" ><div id=\"panel-2624-1-1-0\" class=\"so-panel widget widget_sow-editor panel-first-child panel-last-child\" data-index=\"4\" ><div style=\"text-align: left;\" data-title-color=\"#443f3f\" data-headings-color=\"#443f3f\" class=\"panel-widget-style panel-widget-style-for-2624-1-1-0\" ><div\n\t\t\t\n\t\t\tclass=\"so-widget-sow-editor so-widget-sow-editor-base\"\n\t\t\t\n\t\t>\n<div class=\"siteorigin-widget-tinymce textwidget\">\n\t<a href=\"https:\/\/encuentro-tic.anuies.mx\/wp-content\/uploads\/2018\/10\/4-03-Transformando_IES_2Oct.pdf\" class=\"pdfemb-viewer\" style=\"\" data-width=\"max\" data-height=\"max\" data-toolbar=\"bottom\" data-toolbar-fixed=\"off\">4-03-Transformando_IES_2Oct<\/a>\n<\/div>\n<\/div><\/div><\/div><\/div><div id=\"pgc-2624-1-2\"  class=\"panel-grid-cell panel-grid-cell-mobile-last\" ><div id=\"panel-2624-1-2-0\" class=\"so-panel widget widget_media_video panel-first-child panel-last-child\" data-index=\"5\" ><div style=\"text-align: left;\" data-title-color=\"#443f3f\" data-headings-color=\"#443f3f\" class=\"panel-widget-style panel-widget-style-for-2624-1-2-0\" ><div style=\"width:100%;\" class=\"wp-video\"><!--[if lt IE 9]><script>document.createElement('video');<\/script><![endif]-->\n<video class=\"wp-video-shortcode\" id=\"video-2624-1\" preload=\"metadata\" controls=\"controls\"><source type=\"video\/youtube\" src=\"https:\/\/www.youtube.com\/watch?v=DSBiEhg9v7E&#038;list=PLSbCr4Q7oabk9b5veXCPg_K5n3awkCv5C&#038;index=4&#038;_=1\" \/><a href=\"https:\/\/www.youtube.com\/watch?v=DSBiEhg9v7E&#038;list=PLSbCr4Q7oabk9b5veXCPg_K5n3awkCv5C&#038;index=4\">https:\/\/www.youtube.com\/watch?v=DSBiEhg9v7E&#038;list=PLSbCr4Q7oabk9b5veXCPg_K5n3awkCv5C&#038;index=4<\/a><\/video><\/div><\/div><\/div><\/div><div id=\"pgc-2624-1-3\"  class=\"panel-grid-cell panel-grid-cell-empty\" ><\/div><\/div><\/div><\/div>","protected":false},"excerpt":{"rendered":"<p>Transformando a las IES a trav\u00e9s de las tecnolog\u00edas: Una ruta de la transformaci\u00f3n digital Dr. Luis Alberto Guti\u00e9rrez D\u00edaz de Le\u00f3n [&hellip;]<\/p>\n","protected":false},"author":1,"featured_media":0,"parent":0,"menu_order":0,"comment_status":"closed","ping_status":"closed","template":"","meta":{"ngg_post_thumbnail":0,"footnotes":""},"class_list":["post-2624","page","type-page","status-publish","hentry"],"_links":{"self":[{"href":"https:\/\/encuentro-tic.anuies.mx\/2018\/wp-json\/wp\/v2\/pages\/2624","targetHints":{"allow":["GET"]}}],"collection":[{"href":"https:\/\/encuentro-tic.anuies.mx\/2018\/wp-json\/wp\/v2\/pages"}],"about":[{"href":"https:\/\/encuentro-tic.anuies.mx\/2018\/wp-json\/wp\/v2\/types\/page"}],"author":[{"embeddable":true,"href":"https:\/\/encuentro-tic.anuies.mx\/2018\/wp-json\/wp\/v2\/users\/1"}],"replies":[{"embeddable":true,"href":"https:\/\/encuentro-tic.anuies.mx\/2018\/wp-json\/wp\/v2\/comments?post=2624"}],"version-history":[{"count":12,"href":"https:\/\/encuentro-tic.anuies.mx\/2018\/wp-json\/wp\/v2\/pages\/2624\/revisions"}],"predecessor-version":[{"id":3055,"href":"https:\/\/encuentro-tic.anuies.mx\/2018\/wp-json\/wp\/v2\/pages\/2624\/revisions\/3055"}],"wp:attachment":[{"href":"https:\/\/encuentro-tic.anuies.mx\/2018\/wp-json\/wp\/v2\/media?parent=2624"}],"curies":[{"name":"wp","href":"https:\/\/api.w.org\/{rel}","templated":true}]}}